 divided by 15.
12
What is the remainder when 888 is divided by 81?
78
Calculate the remainder when 132 is divided by 16.
4
Calculate the remainder when 60 is divided by 28.
4
What is the remainder when 239 is divided by 96?
47
Calculate the remainder when 14 is divided by 3.
2
What is the remainder when 2289 is divided by 161?
35
What is the remainder when 5403 is divided by 106?
103
What is the remainder when 331 is divided by 110?
1
Calculate the remainder when 207 is divided by 136.
71
What is the remainder when 161 is divided by 76?
9
Calculate the remainder when 55 is divided by 16.
7
Calculate the remainder when 87 is divided by 3.
0
What is the remainder when 598 is divided by 160?
118
What is the remainder when 52 is divided by 19?
14
What is the remainder when 1680 is divided by 416?
16
Calculate the remainder when 228 is divided by 103.
22
What is the remainder when 955 is divided by 3?
1
What is the remainder when 230 is divided by 19?
2
Calculate the remainder when 2349 is divided by 5.
4
Calculate the remainder when 1952 is divided by 974.
4
What is the remainder when 861 is divided by 84?
21
Calculate the remainder when 193 is divided by 25.
18
Calculate the remainder when 541 is divided by 37.
23
Calculate the remainder when 324 is divided by 95.
39
Calculate the remainder when 195 is divided by 62.
9
What is the remainder when 7199 is divided by 100?
99
Calculate the remainder when 71 is divided by 24.
23
What is the remainder when 317 is divided by 28?
9
What is the remainder when 254 is divided by 18?
2
Calculate the remainder when 3572 is divided by 21.
2
Calculate the remainder when 163 is divided by 129.
34
What is the remainder when 65 is divided by 9?
2
Calculate the remainder when 26096 is divided by 9.
5
What is the remainder when 861 is divided by 285?
6
What is the remainder when 795 is divided by 162?
147
Calculate the remainder when 233 is divided by 69.
26
Calculate the remainder when 548 is divided by 50.
48
What is the remainder when 83 is divided by 11?
6
What is the remainder when 8973 is divided by 68?
65
Calculate the remainder when 149 is divided by 6.
5
Calculate the remainder when 422 is divided by 61.
56
What is the remainder when 142 is divided by 51?
40
Calculate the remainder when 58 is divided by 20.
18
What is the remainder when 1088 is divided by 166?
92
Calculate the remainder when 116 is divided by 35.
11
Calculate the remainder when 312 is divided by 108.
96
What is the remainder when 489 is divided by 128?
105
Calculate the remainder when 126 is divided by 10.
6
What is the remainder when 6309 is divided by 44?
17
Calculate the remainder when 35 is divided by 16.
3
Calculate the remainder when 492 is divided by 9.
6
Calculate the remainder when 1267 is divided by 12.
7
What is the remainder when 2775 is divided by 139?
134
What is the remainder when 1318 is divided by 12?
10
Calculate the remainder when 253 is divided by 80.
13
What is the remainder when 1137 is divided by 405?
327
What is the remainder when 38 is divided by 13?
12
What is the remainder when 4549 is divided by 65?
64
What is the remainder when 2376 is divided by 30?
6
Calculate the remainder when 9847 is divided by 167.
161
What is the remainder when 95 is divided by 32?
31
What is the remainder when 825 is divided by 4?
1
What is the remainder when 308 is divided by 37?
12
What is the remainder when 105 is divided by 54?
51
Calculate the remainder when 4399 is divided by 44.
43
Calculate the remainder when 256 is divided by 60.
16
What is the remainder when 1121 is divided by 51?
50
What is the remainder when 614 is divided by 123?
122
Calculate the remainder when 98 is divided by 29.
11
Calculate the remainder when 245 is divided by 87.
71
What is the remainder when 39673 is divided by 182?
179
Calculate the remainder when 5604 is divided by 19.
18
What is the remainder when 2590 is divided by 1287?
16
Calculate the remainder when 10430 is divided by 2607.
2
What is the remainder when 437 is divided by 148?
141
What is the remainder when 6048 is divided by 3021?
6
What is the remainder when 527 is divided by 23?
21
Calculate the remainder when 814 is divided by 81.
4
What is the remainder when 4045 is divided by 34?
33
What is the remainder when 2639 is divided by 2632?
7
What is the remainder when 1099 is divided by 50?
49
Calculate the remainder when 4714 is divided by 23.
22
What is the remainder when 671 is divided by 169?
164
Calculate the remainder when 423 is divided by 103.
11
What is the remainder when 992 is divided by 28?
12
Calculate the remainder when 174 is divided by 16.
14
What is the remainder when 196 is divided by 102?
94
Calculate the remainder when 132 is divided by 41.
9
Calculate the remainder when 149 is divided by 112.
37
Calculate the remainder when 1247 is divided by 39.
38
What is the remainder when 575 is divided by 17?
14
Calculate the remainder when 371 is divided by 20.
11
Calculate the remainder when 349 is divided by 151.
47
What is the remainder when 244 is divided by 41?
39
Calculate the remainder when 103 is divided by 81.
22
What is the remainder when 62 is divided by 16?
14
What is the remainder when 158 is divided by 37?
10
What is the remainder when 60 is divided by 20?
0
What is the remainder when 165 is divided by 41?
1
Calculate the remainder when 32 is divided by 10.
2
Calculate the remainder when 141 is divided by 51.
39
Calculate the remainder when 4333 is divided by 85.
83
What is the remainder when 6749 is divided by 25?
24
Calculate the remainder when 5746 is divided by 5738.
8
Calculate the remainder when 976 is divided by 140.
136
Calculate the remainder when 644 is divided by 24.
20
What is the remainder when 203 is divided by 97?
9
Calculate the remainder when 507 is divided by 141.
84
What is the remainder when 312 is divided by 110?
92
What is the remainder when 289 is divided by 93?
10
What is the remainder when 156 is divided by 122?
34
Calculate the remainder when 249 is divided by 24.
9
What is the remainder when 23486 is divided by 270?
266
Calculate the remainder when 407 is divided by 8.
7
Calculate the remainder when 34 is divided by 12.
10
What is the remainder when 1229 is divided by 82?
81
What is the remainder when 120 is divided by 31?
27
Calculate the remainder when 273 is divided by 25.
23
Calculate the remainder when 18477 is divided by 30.
27
What is the remainder when 75815 is divided by 8?
7
What is the remainder when 56 is divided by 16?
8
What is the remainder when 70 is divided by 32?
6
What is the remainder when 309 is divided by 62?
61
What is the remainder when 587 is divided by 74?
69
What is the remainder when 896 is divided by 53?
48
Calculate the remainder when 723 is divided by 135.
48
Calculate the remainder when 86 is divided by 25.
11
Calculate the remainder when 1683 is divided by 500.
183
Calculate the remainder when 75 is divided by 19.
18
What is the remainder when 378 is divided by 43?
34
What is the remainder when 163 is divided by 55?
53
Calculate the remainder when 256 is divided by 145.
111
Calculate the remainder when 9043 is divided by 14.
13
What is the remainder when 742 is divided by 120?
22
Calculate the remainder when 101 is divided by 92.
9
Calculate the remainder when 2652 is divided by 73.
24
Calculate the remainder when 523 is divided by 170.
13
Calculate the remainder when 821 is divided by 25.
21
What is the remainder when 1737 is divided by 86?
17
Calculate the remainder when 289 is divided by 14.
9
What is the remainder when 71817 is divided by 15?
12
What is the remainder when 203 is divided by 104?
99
Calculate the remainder when 133 is divided by 10.
3
What is the remainder when 160 is divided by 54?
52
What is the remainder when 524 is divided by 69?
41
What is the remainder when 9910 is divided by 177?
175
Calculate the remainder when 32951 is divided by 8.
7
What is the remainder when 3560 is divided by 7?
4
What is the remainder when 986 is divided by 99?
95
Calculate the remainder when 12891 is divided by 21.
18
Calculate the remainder when 527 is divided by 106.
103
What is the remainder when 305 is divided by 275?
30
What is the remainder when 79 is divided by 21?
16
What is the remainder when 51 is